44/6 + (-395)/237. Suppose 44*h = l*h + 4845. What is the tens digit of h?
6
Suppose 14*z = -988 + 3438. Suppose -115*k + z = -114*k + 2*p, 3*k + 3*p = 528. What is the tens digit of k?
7
Let c = -2 + 2. Suppose 0 = -26*f + 34*f - 2384. Suppose -d + c*x + 54 = -2*x, -5*d = 4*x - f. What is the tens digit of d?
5
Suppose 1 - 31 = 3*t. Suppose -391*p = -200*p - 195*p. What is the units digit of p + 44/10 + (-6)/t?
5
Suppose -s + 106*m = 104*m - 13122, 2*m = 0. What is the hundreds digit of s?
1
Suppose 3*v = n + 6 - 0, -3*n = -v - 6. Suppose 6 - v = 2*t - p, -5*p + 24 = 3*t. Suppose 3*b - 2*i - 815 = 0, 232 = b + t*i - 25. What is the units digit of b?
9
Let j(t) = 6812*t**2 + 132*t - 260. What is the hundreds digit of j(2)?
2
Let f be (-15)/(720/(-9416)) + 1/(-6). Let z = 715 + f. What is the units digit of z?
1
Let m(d) = 17*d**2 + 19*d - 12. Let n(a) = 11*a**2 - 7 + 1 + 2*a**2 + 10*a - 5*a**2. Let l(y) = -2*m(y) + 5*n(y). What is the tens digit of l(-6)?
3
Let j = 772 + -535. Let i = j + -155. What is the units digit of i?
2
What is the units digit of ((-3)/((-15)/4))/((-298)/9685)*-293?
8
Let s = -210 + 229. Suppose s*i - 14*i - 6395 = 0. What is the tens digit of i?
7
Let h be (-4)/10 - (-1 - 38/(-5)). Let u(n) = 14*n - 4 - 8*n + 4*n**2 + 3*n - 5. What is the units digit of u(h)?
4
Suppose -69*u + 424542 = -308652. What is the hundreds digit of u?
6
Suppose 3400*l = 3397*l + 20832. What is the tens digit of l?
4
Suppose 5*c = -k + 431, 21 + 339 = 4*c - 3*k. Suppose 0 = 21*n - 20*n - 63. Suppose 10*r - n - c = 0. What is the units digit of r?
5
Let d(c) = 19*c**2 + 2*c + 24. Let t = 133 - 138. What is the units digit of d(t)?
9
Let r(p) = 7*p + 47. Let u be r(-6). What is the units digit of u/(-7*(-5)/3325)?
5
Suppose 5*g = 29*d - 24*d + 19665, 2*d = 12. What is the hundreds digit of g?
9
Let j be 60*2/4*-1. Let d = -353 + 195. Let n = j - d. What is the units digit of n?
8
Suppose -4*x - 3*m - m - 120 = 0, 150 = -5*x - m. Let t = 31 + x. What is the units digit of -4*1/(t/(-20))?
0
Let i(y) = -y**3 + 3*y**2 + 7*y - 9. Let q = 9 - 5. Let c be i(q). Suppose 2*v - 365 = -c*v. What is the units digit of v?
3
Suppose 0 = 2*i - 8, 3*i + 0 = t - 1. Suppose -740 = -t*f + 3*f. Suppose -107 = -z + f. What is the tens digit of z?
8
Let u(b) = 243*b**2 - 4*b - 11. Let m(j) = 121*j**2 - 2*j - 6. Let o(h) = -7*m(h) + 4*u(h). What is the units digit of o(-2)?
2
Suppose 8*i - 41 = 207. Suppose 0 = i*c - 26*c - 1180. What is the units digit of c?
6
Let g(z) = -2*z**2 + 199*z**3 + 13*z - 16 + z**2 + 3*z**2 - 200*z**3. What is the hundreds digit of g(-8)?
5
Suppose -79*y = -81*y - 176. What is the thousands digit of (-105208)/y - 12/22?
1
Let m(y) = 22*y**2 - 43*y + 739. What is the units digit of m(15)?
4
Let d(f) = 4*f**2 - 22*f + 8*f - 3*f**2 + 31. Let t be d(5). Let c(a) = -a**2 - 15*a + 12. What is the tens digit of c(t)?
2
Let f = 267 - 273. What is the units digit of ((-12)/(-9))/(f/(-2583))?
4
Let t = 1219 - 1707. Let y = t + 1040. What is the tens digit of y?
5
Let b = 11442 - 5358. What is the tens digit of b?
8
Let l = -110441 + 188738. What is the hundreds digit of l?
2
Let a = 35 + -24. Let w(s) be the third derivative of s**4/4 + 35*s**3/6 + 34*s**2. What is the tens digit of w(a)?
0
Suppose -27*h = 658 - 6220. Let w = h + 195. What is the units digit of w?
1
Let y(s) = s + 15. Suppose -3*j = -8*j - 35. Let d be y(j). Suppose -r + d = -g - 10, -4*r + 81 = -g. What is the units digit of r?
1
Let n be (-85)/(-10) - (-5)/(-10)*-5. Suppose 5*g - 240 = -3*q + 2*g, 10 = -2*g. Suppose n*w - 6*w = q. What is the tens digit of w?
1
Let v(w) = 7*w**2 + 2*w + 1. Let p be v(-1). Suppose -p*q + 26 = -10. What is the tens digit of (1024/q - (-1)/3) + 2?
7
Suppose 8*z - 57 = 31. Suppose -5*d = -z*d + 2862. What is the tens digit of d?
7
Let u(c) = 81*c**3 - c**2 - 92*c + 404. What is the thousands digit of u(5)?
0
Let i be -2 + (1 - (-2 - 174)). Let p = -14 + i. What is the units digit of p?
1
Let f be (-1)/(88/(-28) + 3). Suppose 0 = -q - 4 + f. What is the units digit of (-13)/(-39) + 17/q?
6
Let l(f) = -f**3 - f**2 + 98*f + 24362. What is the tens digit of l(0)?
6
What is the tens digit of (1*1857)/(-2*(-12)/592)?
0
Suppose 6*t + 38 - 236 = 0. Suppose -w = t - 32. What is the units digit of 6 + (-1 + 1)*w?
6
Suppose -13804 = -25*p + 4446. Suppose p = 7*m - 1902. What is the hundreds digit of m?
3
Let g(h) = 40*h**3 - 45*h**2 + 4*h + 17. What is the hundreds digit of g(6)?
0
Suppose 4*m - 1755 = 1537. What is the tens digit of (m + -5)/(-4 + 6)?
0
Suppose 26 = 5*m + 2*k + 247, 58 = -m - 5*k. Let s be (8 - -2)/(41/m - -1). Let y = s + -151. What is the units digit of y?
4
Suppose 4*j + 97 + 32 = g, -4*j - 564 = -4*g. Suppose 21*p - g = 16*p. Suppose -855 = p*h - 38*h. What is the units digit of h?
5
Suppose 0 = -45*q + 51*q + 276. Let o = q + 50. What is the units digit of o?
4
Let c = 32077 - 17588. What is the ten thousands digit of c?
1
Let t be ((-3)/((-9)/(-3)))/((-1)/4). Suppose 6 = -3*a + 3*l, t*a = -4*l + 47 - 15. Suppose 2*h + a*h = 300. What is the tens digit of h?
6
Let p(i) = i**2 + 2 + 35*i - 4*i - 15. What is the units digit of p(16)?
9
Let p(m) = 3*m**3 - 5*m + 2. Let h be p(3). What is the units digit of 10761/h + (-1)/4?
8
Let v = 3932 + 320. What is the tens digit of v?
5
Suppose 0 = -2*m + p + 34954, 78*p = 4*m + 73*p - 69908. What is the ten thousands digit of m?
1
Let z be 2/4*(3 + 1)/1. Let g be (-4 + z)/((-4)/10). Suppose -g*p + 525 = 5*t, -287 = t - 4*t + 4*p. What is the units digit of t?
1
Let r(g) be the second derivative of -g**5/10 + g**4/12 - g**3/3 - 5*g**2/2 - 13*g. Let t be r(3). Let x = 79 + t. What is the tens digit of x?
2
Let s = 571 - 568. Suppose 5*p = 3*p + 2*b + 822, s*p - 2*b = 1235. What is the hundreds digit of p?
4
Let s be (-2 - (-703)/15) + (-8)/(-60). Suppose -125 + 24 = -5*f + l, 2*f = 5*l + s. What is the tens digit of f?
2
Suppose -6*k + 11*k - 65 = 0. Suppose 0 = 10*r - k - 27. Suppose -7*t = -r*t - 45. What is the tens digit of t?
1
What is the tens digit of 1/((-3925761)/1121652 - 21/12*-2)?
1
Let j be -1 - (-12 - -4 - 0). Suppose -2*p - 3 - j = 0. What is the units digit of (-324)/p - (-12)/(-15)?
4
Suppose 2*t + 298 = -z + 3*t, -4*z - 1219 = 5*t. Let c = -175 - z. What is the tens digit of c?
2
Let b(d) = 623*d**3 + 28*d**2 - 88*d + 5. What is the units digit of b(3)?
4
Suppose 3*g = -3*q + 87, 2*g + 2 = 3*g. Let r = -11 + q. Let f(o) = o**2 - 13*o + 1. What is the units digit of f(r)?
9
Let j = 5915 + 5091. What is the hundreds digit of j?
0
Let s(d) be the second derivative of -d**5/20 - d**4/2 + 2*d**3 - 9*d**2 - 2*d + 3. What is the units digit of s(-9)?
7
Let h be (-10)/35 - (1 - 114/7). What is the units digit of 133 - (-6)/h*-5?
1
Suppose h = 2, 0*h = -3*f + 3*h + 174. Suppose 0 = -58*b + f*b - 1086. What is the hundreds digit of b?
5
Let n(a) = a**3 + 20*a**2 + 12*a + 3. Suppose 0 = 4*g + 60 + 16. What is the tens digit of n(g)?
3
What is the hundreds digit of (-3)/(((-6)/(-15201))/((40/(-15))/2))?
1
Let x(h) = 35*h**2 + 5*h + 6. Let j be x(-4). Suppose 3*g - 222 = j. What is the hundreds digit of g?
2
Suppose n + 2*x + 9 = 0, 3*x - 8 + 21 = -2*n. Let j be 0/((-8)/(n + 1)) - -16. Suppose -j + 3 = -q. What is the units digit of q?
3
Let x(o) = -o**2 - 19*o + 18. Let y be x(-20). Let r be (24 - y) + 0 + -5 + 6. Suppose -3*a - r = -4*a. What is the units digit of a?
7
Let x(h) = h**2 + h. Let v(m) = -8*m**2 + 28*m - 28. Let l(u) = -v(u) - 4*x(u). Suppose 3*o + 36 = 2*a, -3*a - 3*o = 2*a - 48. What is the tens digit of l(a)?
2
Let g = 134 - 130. Suppose -9*r = -5*r + 20, -5*i = g*r - 1360. What is the hundreds digit of i?
2
Let r = -16890 + 27721. What is the ten thousands digit of r?
1
Suppose -5*t - 3*f = -0*f - 51, -3*f = 9. Suppose 5*c + c + t = 0. What is the units digit of (-21)/7 - (c - 14)/2?
5
What is the tens digit of 124*((-34979)/(-76) + -16 + -1 + -6)?
1
Let r(g) = -739*g + 138. Let p be r(10). What is the units digit of p/(-28) + 4/2?
1
Let k(j) = -905*j - 3573. What is the thousands digit of k(-20)?
4
Let r(n) be the second derivative of -n**3 - 11*n**2 - 4*n. Let f(c) = -15*c**2 - 1. Let h be f(1). What is the units digit of r(h)?
4
Let m(c) = c**3 - 10*c**2 - 2*c + 24. Let n be 